
12
Convert 101001 (base 2) to base 13.
32
What is -1 (base 5) in base 2?
-1
-7 (base 9) to base 14
-7
1 (base 11) to base 2
1
-1110110 (base 2) to base 11
-a8
Convert -10 (base 2) to base 4.
-2
-1 (base 3) to base 11
-1
What is 0 (base 3) in base 9?
0
What is 2 (base 16) in base 8?
2
-10 (base 13) to base 8
-15
6 (base 16) to base 8
6
3 (base 9) to base 10
3
What is 1 (base 10) in base 7?
1
Convert -10 (base 9) to base 2.
-1001
4 (base 13) to base 15
4
-84 (base 15) to base 8
-174
Convert -d (base 14) to base 5.
-23
What is -1b (base 16) in base 15?
-1c
0 (base 5) to base 9
0
What is 3 (base 15) in base 10?
3
Convert -2 (base 16) to base 2.
-10
Convert 1 (base 10) to base 9.
1
Convert 2 (base 14) to base 2.
10
What is -12222 (base 3) in base 11?
-137
Convert -4 (base 10) to base 5.
-4
7 (base 15) to base 7
10
Convert -38 (base 10) to base 8.
-46
Convert -4 (base 10) to base 16.
-4
Convert -1 (base 2) to base 4.
-1
Convert 20 (base 12) to base 4.
120
What is -101100 (base 2) in base 6?
-112
Convert 1011 (base 2) to base 9.
12
10 (base 5) to base 3
12
Convert 4d (base 16) to base 14.
57
What is 33 (base 7) in base 2?
11000
What is c3 (base 16) in base 7?
366
What is -22 (base 15) in base 13?
-26
-9 (base 10) to base 14
-9
90 (base 15) to base 4
2013
Convert 1 (base 9) to base 15.
1
Convert 31 (base 11) to base 16.
22
Convert -1 (base 11) to base 4.
-1
Convert -1221 (base 4) to base 16.
-69
What is -11011 (base 2) in base 12?
-23
2 (base 6) to base 16
2
What is 5 (base 8) in base 12?
5
Convert 220 (base 3) to base 5.
44
What is 1 (base 7) in base 3?
1
Convert -3 (base 7) to base 12.
-3
-8a (base 16) to base 5
-1023
Convert -257 (base 8) to base 6.
-451
Convert -2 (base 15) to base 6.
-2
Convert -2a (base 16) to base 3.
-1120
What is -32 (base 9) in base 15?
-1e
What is -34 (base 6) in base 16?
-16
-3 (base 6) to base 13
-3
-2 (base 5) to base 15
-2
What is 164 (base 10) in base 2?
10100100
What is 0 (base 3) in base 5?
0
2 (base 5) to base 14
2
What is 3 (base 5) in base 3?
10
2 (base 14) to base 11
2
Convert -2 (base 5) to base 9.
-2
Convert -200 (base 5) to base 4.
-302
Convert 131 (base 7) to base 11.
65
Convert -163 (base 11) to base 13.
-118
What is -36 (base 7) in base 13?
-21
What is -38 (base 14) in base 9?
-55
-7 (base 12) to base 16
-7
11 (base 3) to base 16
4
What is -1 (base 2) in base 16?
-1
-13 (base 4) to base 13
-7
What is -2 (base 14) in base 7?
-2
10 (base 2) to base 15
2
What is -230 (base 9) in base 15?
-c9
-2 (base 16) to base 15
-2
What is 4 (base 12) in base 5?
4
Convert -6a (base 15) to base 5.
-400
10 (base 5) to base 16
5
-423 (base 5) to base 15
-78
What is -101 (base 2) in base 6?
-5
Convert 2 (base 3) to base 11.
2
-36 (base 9) to base 13
-27
What is 1131 (base 4) in base 6?
233
What is -6 (base 11) in base 4?
-12
Convert 2 (base 15) to base 16.
2
Convert -54 (base 7) to base 8.
-47
-101 (base 4) to base 8
-21
Convert 28 (base 14) to base 15.
26
What is 17 (base 13) in base 14?
16
Convert 61 (base 16) to base 6.
241
a (base 16) to base 4
22
Convert -121 (base 9) to base 14.
-72
Convert 4 (base 8) to base 16.
4
Convert -58 (base 14) to base 9.
-86
-3 (base 9) to base 3
-10
Convert 334 (base 6) to base 3.
11211
-7c (base 14) to base 12
-92
-150 (base 10) to base 13
-b7
Convert 100 (base 6) to base 2.
100100
10 (base 3) to base 12
3
What is 0 (base 14) in base 10?
0
-100 (base 4) to base 14
-12
Convert -4 (base 12) to base 4.
-10
What is -2d (base 14) in base 2?
-101001
15 (base 8) to base 14
d
What is 20 (base 4) in base 16?
8
-111 (base 5) to base 8
-37
-3 (base 4) to base 12
-3
What is 44 (base 9) in base 5?
130
Convert 5 (base 12) to base 2.
101
Convert -55 (base 8) to base 3.
-1200
2 (base 3) to base 7
2
-31 (base 6) to base 7
-25
Convert 7 (base 14) to base 7.
10
What is -20 (base 3) in base 16?
-6
4 (base 11) to base 6
4
Convert 5 (base 9) to base 2.
101
Convert 0 (base 13) to base 2.
0
-2 (base 8) to base 6
-2
-2 (base 15) to base 2
-10
Convert 25 (base 9) to base 2.
10111
What is -2012 (base 3) in base 10?
-59
-2 (base 6) to base 5
-2
44 (base 5) to base 16
18
Convert -1 (base 7) to base 4.
-1
What is -13 (base 11) in base 16?
-e
Convert -58 (base 10) to base 8.
-72
What is 28 (base 14) in base 8?
44
Convert -42 (base 9) to base 13.
-2c
Convert 0 (base 14) to base 5.
0
What is 0 (base 13) in base 12?
0
4 (base 6) to base 16
4
Convert -26 (base 11) to base 10.
-28
Convert -19 (base 16) to base 10.
-25
Convert -141 (base 12) to base 8.
-301
What is 11101000 (base 2) in base 15?
107
340 (base 6) to base 8
204
Convert -2 (base 8) to base 13.
-2
-1 (base 6) to base 3
-1
What is -1 (base 7) in base 12?
-1
-1110 (base 2) to base 14
-10
-1 (base 16) to base 12
-1
-410 (base 5) to base 15
-70
Convert 5 (base 9) to base 3.
12
What is 20 (base 3) in base 4?
12
Convert -1 (base 4) to base 3.
-1
What is -11 (base 14) in base 8?
-17
-45 (base 13) to base 16
-39
23 (base 8) to base 10
19
Convert -40 (base 10) to base 8.
-50
Convert 7 (base 15) to base 10.
7
1b (base 15) to base 7
35
-1 (base 16) to base 9
-1
What is 0 (base 8) in base 12?
0
Convert -12 (base 3) to base 7.
-5
Convert 17 (base 14) to base 13.
18
Convert -17 (base 8) to base 6.
-23
What is 10 (base 3) in base 11?
3
41 (base 11) to base 15
30
Convert 3 (base 13) to base 11.
3
What is 4 (base 14) in base 15?
4
Convert -53 (base 6) to base 7.
-45
Convert -10 (base 5) to base 6.
-5
What is 7 (base 14) in base 4?
13
Convert 53 (base 11) to base 9.
64
121 (base 5) to base 2
100100
What is -167 (base 8) in base 13?
-92
What is -67 (base 12) in base 13?
-61
Convert 3 (base 11) to base 16.
3
What is -1020 (base 3) in base 5?
-113
Convert 1 (base 14) to base 10.
1
Convert 162 (base 7) to base 10.
93
-22 (base 7) to base 5
-31
What is -2 (base 7) in base 13?
-2
1b (base 13) to base 4
120
Convert -22 (base 5) to base 16.
-c
Convert -15 (base 10) to base 6.
-23
-2 (base 14) to base 10
-2
What is -110 (base 2) in base 6?
-10
Convert -22 (base 6) to base 16.
-e
What is 11d (base 14) in base 9?
267
-1 (base 4) to base 2
-1
Convert 1 (base 3) to base 7.
1
-40 (base 15) to base 2
-111100
-4 (base 7) to base 11
-4
What is 10 (base 2) in base 6?
2
Convert -10 (base 10) to base 5.
-20
-e9 (base 15) to base 16
-db
What is -54 (base 10) in base 14?
-3c
Convert -1d (base 15) to base 6.
-44
What is 2 (base 10) in base 5?
2
Convert 3 (base 15) to base 8.
3
What is 4a (base 16) in base 2?
1001010
Convert -3 (base 5) to base 13.
-3
What is -14 (base 6) in base 16?
-a
Convert 7 (base 15) to base 14.
7
What is 8 (base 14) in base 9?
8
11 (base 2) to base 8
3
Convert 113 (base 9) to base 8.
135
What is -9 (base 12) in base 15?
-9
-43 (base 13) to base 10
-55
What is 1a (base 13) in base 15?
18
3 (base 9) to base 4
3
Convert 2 (base 3) to base 15.
2
Convert 59 (base 11) to base 2.
1000000
36 (base 9) to base 3
1020
Convert 34 (base 10) to base 12.
2a
10010 (base 2) to base 13
15
What is 136 (base 7) in base 2?
1001100
Convert 3 (base 12) to base 11.
3
Convert -2 (base 3) to base 16.
-2
Convert -13 (base 13) to base 11.
-15
Convert 3 (base 8) to base 13.
3
Convert -2 (base 4) to base 11.
-2
What is -b1 (base 14) in base 15?
-a5
What is 2 (base 15) in base 4?
2
What is 2 (base 10) in base 5?
2
101111 (base 2) to base 12
3b
What is 1403 (base 6) in base 12?
263
1e (base 15) to base 11
27
Convert -1423 (base 5) to base 12.
-17a
What is -45 (base 13) in base 2?
-111001
Convert -11 (base 3) to base 10.
-4
Convert -33 (base 10) to base 7.
-45
What is 3 (base 10) in base 15?
3
28 (base 11) to base 7
42
What is -4 (base 12) in base 7?
-4
Convert -5 (base 10) to base 4.
-11
What is 3 (base 15) in base 13?
3
4 (base 13) to base 5
4
Convert -17 (base 15) to base 12.
-1a
52 (base 10) to base 15
37
What is -4 (base 12) in base 16?
-4
What is 2 (base 6) in base 9?
2
Convert 2 (base 8) to base 2.
10
Convert -4 (base 13) to base 9.
-4
-95 (base 16) to base 4
-2111
-1 (base 5) to base 2
-1
5 (base 8) to base 7
5
3 (base 4) to base 14
3
4 (base 7) to base 11
4
What is -300 (base 5) in base 15?
-50
Convert -4 (base 7) to base 9.
-4
What is 4 (base 12) in base 4?
10
10 (base 16) to base 8
20
Convert -25 (base 7) to base 8.
-23
5 (base 11) to base 7
5
Convert 1031 (base 5) to base 10.
141
-32 (base 4) to base 